{"id":252,"date":"2020-06-19T12:05:56","date_gmt":"2020-06-19T10:05:56","guid":{"rendered":"http:\/\/zahnfeen\/?page_id=252"},"modified":"2020-06-19T12:05:56","modified_gmt":"2020-06-19T10:05:56","slug":"hinweise-waehrend-der-corona-pandemie","status":"publish","type":"page","link":"https:\/\/www.zahnfeen.com\/?page_id=252","title":{"rendered":"Hinweise w\u00e4hrend der Corona-Pandemie"},"content":{"rendered":"\n<p><strong>Wir sind auch weiterhin f\u00fcr Sie da!<\/strong><\/p>\n\n\n\n<p>Unsere Praxis ist zu regul\u00e4ren Sprechzeiten f\u00fcr Sie ge\u00f6ffnet. Um jedoch gr\u00f6\u00dfere Menschenansammlungen im Wartezimmer zu vermeiden, bitten wir um vorherige telefonische Anmeldung bzw. Terminvereinbarung (Tel. 030 \/ 672 9017) sowie Beachtung der nachfolgenden Ma\u00dfnahmen f\u00fcr Ihren und unseren Schutz!<\/p>\n\n\n\n<p>Die Gesundheit unserer Patienten und Mitarbeiter steht f\u00fcr uns an 1. Stelle. Mit den folgenden Ma\u00dfnahmen m\u00f6chten wir Sie und uns sch\u00fctzen \u2013 w\u00e4hrend wir gleichzeitig die gewohnte Behandlungsqualit\u00e4t in unserer Praxis aufrechterhalten:<\/p>\n\n\n\n<p><strong>Was wir f\u00fcr Ihre und unsere Sicherheit tun:<\/strong><\/p>\n\n\n\n<ul class=\"wp-block-list\"><li>Griffe, T\u00fcrklinken und Fl\u00e4chen werden mehrmals t\u00e4glich desinfiziert und die Behandlungszimmer regelm\u00e4\u00dfig gel\u00fcftet.<\/li><li>Wir tragen immer frische Handschuhe und Mundschutz &#8211; beide sind derzeit noch ausreichend vorhanden.<\/li><li>Wir setzen konsequent unseren internen Hygieneplan um.<\/li><li>Durch unser Bestellsystem vermeiden wir gr\u00f6\u00dfere Menschenansammlungen im Wartezimmer.<\/li><\/ul>\n\n\n\n<p><strong>Was Sie selbst tun k\u00f6nnen:<\/strong><\/p>\n\n\n\n<ul class=\"wp-block-list\"><li>Bitte tragen Sie in unserer Praxis im Anmelde- und Wartebereich eine Mund-Nasen-Bedeckung und halten Sie Abstand zu anderen Patienten<\/li><li>Bitte waschen Sie sich regelm\u00e4\u00dfig und gr\u00fcndlich f\u00fcr 20 Sekunden die H\u00e4nde mit Wasser und Seife, auch in unserer Praxis. Nutzen Sie ggf. mitgebrachte H\u00e4ndedesinfektion.<\/li><li>Verzichten Sie aufs H\u00e4ndesch\u00fctteln.<\/li><li>Bitte bleiben Sie mit Erk\u00e4ltungs- oder Grippesymptomen zu Hause und sagen Sie Ihren Termin telefonisch oder per Mail ab. Den Termin holen wir zeitnah nach.<\/li><li>F\u00fcr Notf\u00e4lle gilt: bei Erk\u00e4ltungs- oder Grippesymptomen oder best\u00e4tigter Covid-19 Erkrankung rufen Sie uns bitte an, um das weitere Vorgehen zu besprechen.<\/li><\/ul>\n\n\n\n<p>Vielen Dank f\u00fcr Ihre Mithilfe! Wir w\u00fcnschen Ihnen weiterhin viel Kraft und Gesundheit!<\/p>\n\n\n\n<p>Zur Frage &#8222;Kann oder soll ich meinen Termin w\u00e4hrend der Corona-Krise wahrnehmen?&#8220; hier ein Auszug aus der Presseinformation der Zahn\u00e4rztekammer Berlin von Anfang April 2020. Diese soll f\u00fcr Sie als Patient(in) eine Empfehlung und Entscheidungshilfe sein.<\/p>\n\n\n\n<p><strong>Karsten Heegewaldt, Pr\u00e4sident der Zahn\u00e4rztekammer Berlin, sagt am 07.04.2020:<\/strong><\/p>\n\n\n\n<p>\u201cDer Umgang mit der Corona-Pandemie ist eine Herausforderung f\u00fcr uns alle und es ist verst\u00e4ndlich, dass viele verunsichert sind. Es gibt jedoch keinen Grund, Angst vor einem Zahnarztbesuch zu haben und ihn zur Zeit zu meiden. Die Hygienema\u00dfnahmen in unseren Praxen sind jederzeit so, dass Patientinnen und Patienten sowie unser zahnmedizinisches Fachpersonal und wir Zahn\u00e4rztinnen und Zahn\u00e4rzte selbst gut gesch\u00fctzt sind. Wir werden Behandlungen nur durchf\u00fchren, wenn unsere Schutzausr\u00fcstung ausreichend ist. Auch mit ver\u00e4nderten Schutzma\u00dfnahmen ist eine zahn\u00e4rztliche Behandlung weiterhin m\u00f6glich. Als Medizinerinnen und Mediziner haben wir versprochen, dass die Gesundheit und das Wohlergehen unserer Patientinnen und Patienten unser oberstes Anliegen ist. Das ist erst recht in Krisenzeiten so.\u201d<\/p>\n\n\n\n<p>Er bittet die Patientinnen und Patienten, Termine nicht generell einfach abzusagen, sondern sich mit ihren Fragen an ihre Zahn\u00e4rztin und ihren Zahnarzt zu wenden, um gemeinsam eine gute L\u00f6sung zu finden. Individuell k\u00f6nne dann entschieden werden, ob eine beabsichtigte Behandlung unter den gegebenen Umst\u00e4nden erforderlich ist oder verschoben werden kann.<\/p>\n","protected":false},"excerpt":{"rendered":"<p>Wir sind auch weiterhin f\u00fcr Sie da! Unsere Praxis ist zu regul\u00e4ren Sprechzeiten f\u00fcr Sie ge\u00f6ffnet. Um jedoch gr\u00f6\u00dfere Menschenansammlungen im Wartezimmer zu vermeiden, bitten wir um vorherige telefonische Anmeldung bzw. Terminvereinbarung (Tel. 030 \/ 672 9017) sowie Beachtung der nachfolgenden Ma\u00dfnahmen f\u00fcr Ihren und unseren Schutz! Die Gesundheit unserer Patienten und Mitarbeiter steht f\u00fcr [&hellip;]<\/p>\n","protected":false},"author":2,"featured_media":0,"parent":0,"menu_order":0,"comment_status":"closed","ping_status":"closed","template":"","meta":{"footnotes":""},"class_list":["post-252","page","type-page","status-publish","hentry"],"_links":{"self":[{"href":"https:\/\/www.zahnfeen.com\/index.php?rest_route=\/wp\/v2\/pages\/252","targetHints":{"allow":["GET"]}}],"collection":[{"href":"https:\/\/www.zahnfeen.com\/index.php?rest_route=\/wp\/v2\/pages"}],"about":[{"href":"https:\/\/www.zahnfeen.com\/index.php?rest_route=\/wp\/v2\/types\/page"}],"author":[{"embeddable":true,"href":"https:\/\/www.zahnfeen.com\/index.php?rest_route=\/wp\/v2\/users\/2"}],"replies":[{"embeddable":true,"href":"https:\/\/www.zahnfeen.com\/index.php?rest_route=%2Fwp%2Fv2%2Fcomments&post=252"}],"version-history":[{"count":0,"href":"https:\/\/www.zahnfeen.com\/index.php?rest_route=\/wp\/v2\/pages\/252\/revisions"}],"wp:attachment":[{"href":"https:\/\/www.zahnfeen.com\/index.php?rest_route=%2Fwp%2Fv2%2Fmedia&parent=252"}],"curies":[{"name":"wp","href":"https:\/\/api.w.org\/{rel}","templated":true}]}}