{"id":55,"date":"2020-04-24T18:11:55","date_gmt":"2020-04-24T16:11:55","guid":{"rendered":"http:\/\/zahnfeen\/?page_id=55"},"modified":"2020-04-24T18:11:55","modified_gmt":"2020-04-24T16:11:55","slug":"impressum","status":"publish","type":"page","link":"https:\/\/www.zahnfeen.com\/?page_id=55","title":{"rendered":"Impressum"},"content":{"rendered":"\n<h2 class=\"wp-block-heading\">Copyright:<\/h2>\n\n\n\n<p>Zahnarztpraxis Dr. Lucas &amp; Dr. Herold<br>Bruno-Taut-Str. 1<br>12524 Berlin<br>Tel:&nbsp;<a href=\"tel:+49306729017\">030 &#8211; 672 90 17<\/a><br>Fax: 030 &#8211; 678 01 708<br>E-Mail:&nbsp;<a href=\"mailto:%69%6Ef%6F@zahnfeen.com\">info@zahnfeen.com<\/a><\/p>\n\n\n\n<p>Verantwortlich f\u00fcr die Inhalte von\u00a0<a href=\"http:\/\/www.zahnfeen.com\/\">www.zahnfeen.com<\/a>\u00a0ist Dr. Anne Sophie Herold.<br>Seiten-Gestaltung: Stefan Peters und Sebastian Herold.<\/p>\n\n\n\n<h2 class=\"wp-block-heading\">Gesetzliche Berufsbezeichnung:<\/h2>\n\n\n\n<p>Dr. med. Anne-Sibylle Lucas und Dr. med. dent. Anne Sophie Herold sind in Deutschland approbierte Zahn\u00e4rzte. Es gilt die Berufsordnung der Zahn\u00e4rztekammer Berlin.<\/p>\n\n\n\n<h2 class=\"wp-block-heading\">Zust\u00e4ndige Aufsichtsbeh\u00f6rde:<\/h2>\n\n\n\n<p>Kassenzahn\u00e4rztliche Vereinigung Berlin<br>Georg-Wilhelm-Str. 16<br>10711 Berlin<br>Telefon: 030 89 004-0<br>Telefax: 030 89 004-102<br>E-Mail: kontakt@kzv-berlin.de<br>Internet: www.kzv-berlin.de<\/p>\n\n\n\n<h2 class=\"wp-block-heading\">Zust\u00e4ndige Kammer:<\/h2>\n\n\n\n<p>Zahn\u00e4rztekammer Berlin<br>Stallstra\u00dfe 1<br>10585 Berlin<br>Telefon: 030\/3 48 08-0<br>Telefax: 030\/3 48 08-240<br>Email: info@zaek-berlin.de<br>Internet: www.zaek-berlin.de<\/p>\n\n\n\n<p>Auf den Seiten der Zahn\u00e4rztekammer Berlin finden Sie:<\/p>\n\n\n\n<ul class=\"wp-block-list\"><li>das Gesetz \u00fcber die Aus\u00fcbung der Zahnheilkunde (Zahnheilkundegesetz) vom 31. M\u00e4rz 1952 (BGBI. I S. 221), in der Fassung der Bekanntmachung vom 16. April 1987 (BGBI. I S. 1225), zuletzt ge\u00e4ndert durch Artikel 5 Abs. des Gesetzes vom 15. Dezember 2004 (BGBI I S. 3404)<\/li><li>Berufsordnung der Zahn\u00e4rztekammer Berlin (BO) in der Fassung vom 30. Januar 1997 (ABI. S. 3078), zuletzt ge\u00e4ndert am 20. Juni 2002 (ABI. S. 3213\/ S. 4611)<\/li><li>Die Geb\u00fchrenordnung f\u00fcr Zahn\u00e4rzte (GOZ), (Stand 1. Januar 2002)<\/li><\/ul>\n\n\n\n<h2 class=\"wp-block-heading\">Haftungsausschluss<\/h2>\n\n\n\n<p>Trotz h\u00f6chster Sorgfalt bei der Auswahl der eingestellten Inhalte kann www.zahnfeen.com keine Garantie f\u00fcr die Aktualit\u00e4t, Richtigkeit und Vollst\u00e4ndigkeit der angebotenen Informationen \u00fcbernehmen und ist weder verantwortlich noch haftbar f\u00fcr Sch\u00e4den, die auf die hier angebotenen Informationen zur\u00fcckzuf\u00fchren sind. www.zahnfeen.com ist nicht f\u00fcr die Inhalte fremder Seiten verantwortlich, die hier verlinkt sind.<\/p>\n\n\n\n<h2 class=\"wp-block-heading\">Urheberrecht<\/h2>\n\n\n\n<p>Alle eingestellten Bilder sind von Dr. Herold bereitgestellt worden. Der Download der Texte und Bilder ist nur zu privater Information gestattet. Eine anderweitige Nutzung oder Vervielf\u00e4ltigung ist nur mit vorheriger Genehmigung erlaubt. www.zahnfeen.com ist bestrebt die Urheberrechte von verwendeten Grafiken und Texten zu beachten. Im Falle einer unbeabsichtigten Copyrightverletzung werden wir das entsprechende Objekt nach Benachrichtigung entfernen bzw. mit dem entsprechenden Copyright kenntlich machen.<\/p>\n\n\n\n<p>Foto Lachgassedierung: BIEWER medical Medizinprodukte, Koblenz<\/p>\n\n\n\n<h2 class=\"wp-block-heading\">Datenschutz<\/h2>\n\n\n\n<p>Wir verweisen auf unsere <a href=\"\/datenschutzerklaerung\/\"><strong>Datenschutzerkl\u00e4rung<\/strong><\/a><\/p>\n","protected":false},"excerpt":{"rendered":"<p>Copyright: Zahnarztpraxis Dr. Lucas &amp; Dr. HeroldBruno-Taut-Str. 112524 BerlinTel:&nbsp;030 &#8211; 672 90 17Fax: 030 &#8211; 678 01 708E-Mail:&nbsp;info@zahnfeen.com Verantwortlich f\u00fcr die Inhalte von\u00a0www.zahnfeen.com\u00a0ist Dr. Anne Sophie Herold.Seiten-Gestaltung: Stefan Peters und Sebastian Herold. Gesetzliche Berufsbezeichnung: Dr. med. Anne-Sibylle Lucas und Dr. med. dent. Anne Sophie Herold sind in Deutschland approbierte Zahn\u00e4rzte. Es gilt die Berufsordnung der [&hellip;]<\/p>\n","protected":false},"author":2,"featured_media":0,"parent":0,"menu_order":5,"comment_status":"closed","ping_status":"closed","template":"","meta":{"footnotes":""},"class_list":["post-55","page","type-page","status-publish","hentry"],"_links":{"self":[{"href":"https:\/\/www.zahnfeen.com\/index.php?rest_route=\/wp\/v2\/pages\/55","targetHints":{"allow":["GET"]}}],"collection":[{"href":"https:\/\/www.zahnfeen.com\/index.php?rest_route=\/wp\/v2\/pages"}],"about":[{"href":"https:\/\/www.zahnfeen.com\/index.php?rest_route=\/wp\/v2\/types\/page"}],"author":[{"embeddable":true,"href":"https:\/\/www.zahnfeen.com\/index.php?rest_route=\/wp\/v2\/users\/2"}],"replies":[{"embeddable":true,"href":"https:\/\/www.zahnfeen.com\/index.php?rest_route=%2Fwp%2Fv2%2Fcomments&post=55"}],"version-history":[{"count":0,"href":"https:\/\/www.zahnfeen.com\/index.php?rest_route=\/wp\/v2\/pages\/55\/revisions"}],"wp:attachment":[{"href":"https:\/\/www.zahnfeen.com\/index.php?rest_route=%2Fwp%2Fv2%2Fmedia&parent=55"}],"curies":[{"name":"wp","href":"https:\/\/api.w.org\/{rel}","templated":true}]}}